
Let s(n) = 38*n**2 - 24*n + 149. Let w(x) = 115*x**2 - 72*x + 449. Let m(l) = 7*s(l) - 2*w(l). Is m(11) a prime number?
False
Suppose -2*k + 165 + 6675 = 3*f, 4*f - 9120 = 4*k. Suppose -2*t + p + f = 0, -3*t + 1137 = -2*t + p. Is t prime?
False
Let v(f) = f**3 - 31*f**2 - 32*f + 5. Let m be v(32). Let a(s) = 21*s**3 - 6*s**2 - 8*s + 12. Is a(m) prime?
True
Suppose -16 + 16 = -7*g. Suppose g = -6*y - 6509 - 2029. Is -9 + 5 - -4 - y*1 composite?
False
Suppose -3872 = -4*a + 17412. Suppose 3597 = 2*d - a. Let z = -2012 + d. Is z a composite number?
False
Let y(p) = p**3 + 39*p**2 - 51*p + 1494. Is y(41) a composite number?
True
Let d = 29379 + -1336. Is d prime?
False
Let q(a) = 41*a**3 + 2*a**2 - 2*a - 3. Let u be q(-1). Let g be (u/12 - -2 - -2)*-11916. Is (1/3)/((-8)/g) a prime number?
True
Let m = -143 - -145. Suppose -4*i = 2*s - 3116 - 3628, -m*s = -2*i + 3378. Is i a prime number?
False
Suppose 6*f + 12516 = 1158. Let m = -2720 - -6294. Let k = f + m. Is k a prime number?
False
Suppose -4*v - 4*t = -16728, 2*v + 5554*t - 8371 = 5559*t. Is v composite?
True
Let x be (-242)/(-1) + (20 - 28). Suppose 0 = -233*y + x*y - 19901. Is y a composite number?
True
Suppose -56*d + 68*d = 136872. Let b = d - 7305. Is b prime?
False
Suppose -88*h + 16*h + 102171393 = 39*h. Is h composite?
True
Suppose -i + 3*i - 3*a - 15 = 0, 4*i - 37 = -a. Is i*14636/24*(-6)/(-9) prime?
True
Suppose -f + 977529 - 189386 = 13*u, 0 = 4*u - 4*f - 242484. Is u a composite number?
True
Suppose 1058192 = 2*i - d, -5*d - 67 = -77. Is i composite?
False
Suppose 34*t - 3428412 - 493658 = 0. Is t a prime number?
False
Suppose -274*d = -58179876 + 18466042. Is d composite?
False
Let f(q) be the second derivative of -1361*q**3/2 + q**2/2 - 18*q. Let v be f(-1). Let w = v + -2391. Is w prime?
True
Suppose -25*b + 20 = -21*b. Suppose 4*k - 226101 = 4*m - 9*m, -b*m = -k - 226106. Suppose 8*v - m = -3*v. Is v a composite number?
False
Let k = 481 + -581. Suppose -45 = -v + 132. Let j = k + v. Is j a prime number?
False
Let a = 66434 - -128529. Is a composite?
False
Suppose 116 = -2*g - p, 0*g + p = 5*g + 290. Is (-4)/6*240207/g composite?
True
Let m be (8 + -2)/(-42) + 77198/14. Suppose 2*l = -5*s + 27685, 0 = 7*s - 8*s - 5*l + m. Is s prime?
False
Let t = 372387 - 242648. Is t a composite number?
True
Let x(z) = 6*z**2 - 233*z - 271. Is x(120) a composite number?
False
Let c(o) = 3*o**2 - 12*o + 14. Let j be c(7). Suppose -s + 8*s = -j. Is 0/s - (1 - 182) a composite number?
False
Let p(c) = -3919*c**3 - 10*c**2 - 54*c - 43. Is p(-4) a composite number?
False
Let m(j) = 127*j**2 + 4*j - 15. Suppose 2*k - 4 = -0. Let q(z) = -382*z**2 - 13*z + 44. Let a(u) = k*q(u) + 7*m(u). Is a(3) a prime number?
False
Let l(r) = 34874*r + 631. Is l(20) composite?
False
Let i(q) = -108*q**2 + 4*q + 2. Let m(r) = -324*r**2 + 11*r + 6. Let h(c) = -7*i(c) + 2*m(c). Let x be h(4). Suppose 3*s - x = -175. Is s prime?
True
Let d(a) = 493*a + 52. Let r be d(6). Suppose 0 = 2*p - 4*c - r, p - c = -3*p + 6048. Is p a composite number?
True
Suppose 23*n - 2166281 = 130752. Is n a prime number?
True
Let a(r) = r**3 - 25*r**2. Let d be a(25). Suppose d = 6*y - 165585 + 61875. Is y prime?
False
Suppose -17*t - 94277 + 404051 = 0. Suppose -9*n + t = -3*n. Is n prime?
True
Let p = 283542 - -441557. Is p composite?
False
Suppose -j = -88 + 91, 5*c - 2489800 = 5*j. Is c composite?
False
Suppose 12 = -4*y, -y = -0*k - 4*k + 15019. Let z = k + 739. Is z prime?
True
Is 1/((-12)/160078)*(-36 - (-1 - 29)) composite?
False
Let w = 20514 - 6865. Is w a prime number?
True
Suppose -5 = -2*q + g - 2, -q - 4*g + 24 = 0. Let w be (-3 - 1)*593/q. Let b = w + 1072. Is b a composite number?
False
Let u(y) = -49*y + 954067. Is u(0) composite?
False
Let y(r) be the second derivative of r**5/20 + 4*r**4/3 + 8*r**3/3 + 35*r**2/2 - 2*r. Suppose -43*d = -263*d - 2640. Is y(d) a prime number?
True
Let h = -113 + 109. Let i(k) = -159*k - 1. Is i(h) a prime number?
False
Let b = -89987 - -29615. Is b/(-12) - (1 - 3) composite?
True
Suppose -82*r = 3*f - 87*r - 61703, 3*f - 4*r - 61705 = 0. Is f prime?
False
Let q = 29164 - -602533. Is q prime?
False
Suppose 4*w = 2*z + 1 - 7, 39 = 4*z + w. Suppose -i + 4385 = 5*s, -5*s + i = -z*s + 3508. Is s a prime number?
True
Suppose 45*j + 33 = 56*j. Suppose -5*p - 4306 = 3*i - 17263, 0 = -j*p. Is i composite?
True
Suppose -i = 4*x + 124, -13*i + 16*i = -4*x - 372. Let l(j) = -38*j**2 - 3*j + 1. Let p be l(3). Let c = i - p. Is c composite?
True
Suppose 3*w - 3*x = 694065, 5*w - 343627 = 6*x + 813156. Is w a composite number?
False
Let s(p) = -92*p**3 + 5*p**2 - p + 1. Let a be s(-4). Suppose 0 = -5*r - 643 + a. Is r - 5 - (1 + (-3)/3) composite?
False
Let g(y) = -61*y**3 - 43*y**2 - 333*y + 79. Is g(-20) a composite number?
False
Let z(g) = -31 + 20 + 2*g + 3*g**3 + 26*g**2 - 24*g**2 + 4*g. Suppose 0 = -2*c + 5 - 1, 5*h = 4*c + 22. Is z(h) a prime number?
False
Suppose -18*y + 5573032 = -923186. Is y a composite number?
False
Suppose 11*s + 25136513 = 157*s + 47*s. Is s a prime number?
True
Suppose -4*z - 3446 = -3*f + 7299, -z = -4. Is f prime?
False
Let o(t) = -1282*t - 409. Is o(-21) a prime number?
True
Let z(a) = 5*a - 25. Let l be z(20). Suppose 0 = i + l - 77. Suppose i*h - 1966 = 388. Is h prime?
False
Is 1*(4 + (407654 - 5) + -2) composite?
False
Let a = 10462 + -9. Is a a composite number?
False
Let t = 247603 - 67752. Is t a composite number?
True
Suppose -83*b = -84*b + 438. Suppose b*p = 433*p + 31235. Is p a prime number?
True
Suppose 782*c - 21428110 = 338*c + 334*c. Is c composite?
True
Let d = 6229 - -460. Is d prime?
True
Let o(n) = 2*n + 53. Let w = -93 - -68. Let l be o(w). Suppose -l*c + 7*c = -3*k + 1379, 2*c = k - 443. Is k composite?
True
Let l = 611603 - 396552. Is l a prime number?
True
Suppose 5*a + 27335 = 112765. Suppose -4*w + 2732 + 14350 = -l, 0 = 4*w + l - a. Is w a prime number?
True
Suppose 4865298 = -92*a + 71*a + 55*a. Is a a composite number?
True
Let d(o) = 9 + 14 + 6*o - 8*o + 2. Let j be d(10). Is (20/(-8))/j - (-291)/2 composite?
True
Let u(h) = 4*h**2 - h + 1. Let k be u(3). Let n be k/10 - 21/(-35). Suppose -2*a = n*a - 1230. Is a a prime number?
False
Let h(l) = 481*l**2 + 47*l + 41. Is h(-9) a composite number?
True
Let b(z) = -8*z**3 - 16*z**2 - 7*z - 18. Let p(a) = -a**2 - 2*a - 1. Let t(n) = -b(n) + 5*p(n). Is t(9) a composite number?
False
Suppose 11 = -2*l + 11. Suppose -16*n + 19*n - 15 = l, -n = -5*o + 25280. Is o a prime number?
False
Let b(n) = 11880*n**3 + 4*n - 9. Let h be b(2). Suppose 22*s - h = -16301. Is s a prime number?
False
Suppose 16*q - 22668 + 471595 = 4565583. Is q a composite number?
True
Let o be (-2)/9 + 224/36. Let c(r) = 16*r**2 + 41*r - 3. Let x be c(-6). Is ((-2)/o)/(3/(-3*x)) prime?
True
Is -2 - ((-485)/(-2))/((-97)/18430) a composite number?
False
Suppose 3*s - 1 = m, -3*m = -4*m - 4*s - 1. Let x(j) = -1960*j**3 - 2*j**2 - 4*j - 1. Is x(m) a composite number?
True
Suppose -3*h - 9 = -4*s - 23, 4*h + 5*s = -33. Let i(d) = 128*d - 2. Let g be i(h). Let r = g + 779. Is r a prime number?
True
Let z(h) be the second derivative of -5*h**3/2 - 3*h**2 + 21*h. Let t be z(7). Is (t/(1 + 2))/(1/(-31)) a composite number?
True
Let l = 290 - 288. Is -4 + (-8 + 284)/l a prime number?
False
Suppose -2*n + 2*j = -2376328, -44 = 2*j - 50. Is n a composite number?
False
Suppose 2*z + 5*h - 14053 = 0, h - 35205 = -5*z + 3*h. Is z*(2 + -4)/(-2) a prime number?
True
Suppose -3*m = 15, -o + 2*m + 14488 = -16472. Suppose 5*v = -s + 29077, 4*s + o = 5*v + 1883. Is v a composite number?
True
Suppose -7156 = w - 5*w - 2*c, -3*w + 5381 = 5*c. Suppose 4*z + 5*o - 2260 = -z, -4*z = -3*o - w. Is z composite?
False
Let t(k) = -129*k**2 + 2*k - 3. Let w be t(3). Let c = w - -6703. Is c composite?
True
Suppose -3*h + 6223 = -2*d, -3*h = 4*d - 8*d - 12461. Let x = d - -15724. Is x composite?
True
Suppose 0 = 2491*c - 2551*c + 62493420. Is c a composite number?
True
Let s(b) = 107*b**2 - 59*b + 641. Is s(24) prime?
False
Suppose -2*r + 21*r = 405536 + 2105067. Is r composite?
False
Let t(u) = -2198*u**3 - 3*u**2 - 3*u + 7. Let h be 5/(25/(-2)) + (-12)/(-5). Let p be t(h). Is (-1)/(-2) - (-1 - p/(-10)) a prime number?
False
Suppose u + 2*m + 2044 = -3*u, 